{"id":1079,"date":"2015-07-29T13:44:44","date_gmt":"2015-07-29T13:44:44","guid":{"rendered":"https:\/\/blockart-agency.sites.qsandbox.com\/?page_id=4"},"modified":"2023-03-21T08:16:57","modified_gmt":"2023-03-21T08:16:57","slug":"home","status":"publish","type":"page","link":"https:\/\/www.nfmls.foundation\/","title":{"rendered":""},"content":{"rendered":"\n<div class=\"blockart-section blockart-section-3274e693\"><div class=\"blockart-container\"><div class=\"blockart-section-inner\">\n<div class=\"blockart-column blockart-column-5c451749\"><div class=\"blockart-column-inner\">\n<h1 class=\"blockart-heading blockart-heading-715dd37b\">&#8222;<em>M\u011bl jsem \u0161t\u011bst\u00ed v \u017eivot\u011b, tak bych r\u00e1d aspo\u0148 kousek toho \u0161t\u011bst\u00ed p\u0159edal d\u00e1l<\/em> &#8222;<\/h1>\n\n\n\n<p class=\"blockart-paragraph blockart-paragraph-1ad4af93\">Motto podle MUDr. Leo\u0161 St\u0159eda<\/p>\n<\/div><\/div>\n\n\n\n<div class=\"blockart-column blockart-column-717e808b\"><div class=\"blockart-column-inner\">\n<div class=\"blockart-image blockart-image-6f3ae846\"><img loading=\"lazy\" decoding=\"async\" class=\"wp-image-46\" src=\"http:\/\/www.nfmls.foundation\/wp-content\/uploads\/2021\/11\/home-hero-image.png\" alt=\"\" height=\"1006\" width=\"1158\" srcset=\"https:\/\/www.nfmls.foundation\/wp-content\/uploads\/2021\/11\/home-hero-image.png 1158w, https:\/\/www.nfmls.foundation\/wp-content\/uploads\/2021\/11\/home-hero-image-600x521.png 600w, https:\/\/www.nfmls.foundation\/wp-content\/uploads\/2021\/11\/home-hero-image-300x261.png 300w, https:\/\/www.nfmls.foundation\/wp-content\/uploads\/2021\/11\/home-hero-image-1024x890.png 1024w, https:\/\/www.nfmls.foundation\/wp-content\/uploads\/2021\/11\/home-hero-image-768x667.png 768w\" sizes=\"auto, (max-width: 1158px) 100vw, 1158px\" \/><\/div>\n<\/div><\/div>\n<\/div><\/div><\/div>\n\n\n\n<div class=\"blockart-section blockart-section-ca3b7b9f\"><div class=\"blockart-container-fluid\"><div class=\"blockart-section-inner\">\n<div class=\"blockart-column blockart-column-5fa93e18\"><div class=\"blockart-column-inner\">\n<div class=\"blockart-image blockart-image-f8461aa0\"><img loading=\"lazy\" decoding=\"async\" class=\"wp-image-81\" src=\"http:\/\/www.nfmls.foundation\/wp-content\/uploads\/2021\/12\/icon-research.png\" alt=\"\" height=\"64\" width=\"65\"\/><\/div>\n\n\n\n<h2 class=\"blockart-heading blockart-heading-12f0ef49\">RESEARCH<\/h2>\n<\/div><\/div>\n\n\n\n<div class=\"blockart-column blockart-column-4eff3299\"><div class=\"blockart-column-inner\">\n<div class=\"blockart-image blockart-image-9a37870e\"><img loading=\"lazy\" decoding=\"async\" class=\"wp-image-85\" src=\"http:\/\/www.nfmls.foundation\/wp-content\/uploads\/2021\/12\/icon-idea.png\" alt=\"\" height=\"65\" width=\"64\"\/><\/div>\n\n\n\n<h2 class=\"blockart-heading blockart-heading-2276db7c\">IDEAs<\/h2>\n<\/div><\/div>\n\n\n\n<div class=\"blockart-column blockart-column-e090615f\"><div class=\"blockart-column-inner\">\n<div class=\"blockart-image blockart-image-1db335ff\"><img loading=\"lazy\" decoding=\"async\" class=\"wp-image-80\" src=\"http:\/\/www.nfmls.foundation\/wp-content\/uploads\/2021\/12\/icon-pixel-perfect.png\" alt=\"\" height=\"67\" width=\"66\"\/><\/div>\n\n\n\n<h2 class=\"blockart-heading blockart-heading-e868582c\">pixel perfect<\/h2>\n<\/div><\/div>\n\n\n\n<div class=\"blockart-column blockart-column-71394df3\"><div class=\"blockart-column-inner\">\n<div class=\"blockart-image blockart-image-1460ab37\"><img loading=\"lazy\" decoding=\"async\" class=\"wp-image-82\" src=\"http:\/\/www.nfmls.foundation\/wp-content\/uploads\/2021\/12\/icon-seo-friendly.png\" alt=\"\" height=\"66\" width=\"64\"\/><\/div>\n\n\n\n<h2 class=\"blockart-heading blockart-heading-e08baca8\">seo friendly<\/h2>\n<\/div><\/div>\n\n\n\n<div class=\"blockart-column blockart-column-8c1f2a27\"><div class=\"blockart-column-inner\">\n<div class=\"blockart-image blockart-image-fe57d899\"><img loading=\"lazy\" decoding=\"async\" class=\"wp-image-84\" src=\"http:\/\/www.nfmls.foundation\/wp-content\/uploads\/2021\/12\/icon-design.png\" alt=\"\" height=\"64\" width=\"67\"\/><\/div>\n\n\n\n<h2 class=\"blockart-heading blockart-heading-e126d413\">design<\/h2>\n<\/div><\/div>\n\n\n\n<div class=\"blockart-column blockart-column-b9af5683\"><div class=\"blockart-column-inner\">\n<div class=\"blockart-image blockart-image-1886d445\"><img loading=\"lazy\" decoding=\"async\" class=\"wp-image-83\" src=\"http:\/\/www.nfmls.foundation\/wp-content\/uploads\/2021\/12\/icon-support.png\" alt=\"\" height=\"64\" width=\"66\"\/><\/div>\n\n\n\n<h2 class=\"blockart-heading blockart-heading-caca05f3\">support<\/h2>\n<\/div><\/div>\n<\/div><\/div><\/div>\n\n\n\n<div class=\"blockart-section blockart-section-2636e827\"><div class=\"blockart-container\"><div class=\"blockart-section-inner\">\n<div class=\"blockart-column blockart-column-c8fa061e\"><div class=\"blockart-column-inner\">\n<div class=\"blockart-image blockart-image-22183819\"><img loading=\"lazy\" decoding=\"async\" class=\"wp-image-1436\" src=\"http:\/\/www.nfmls.foundation\/wp-content\/uploads\/2022\/11\/Leos-Streda-scaled.jpg\" alt=\"\" height=\"2560\" width=\"1707\" srcset=\"https:\/\/www.nfmls.foundation\/wp-content\/uploads\/2022\/11\/Leos-Streda-scaled.jpg 1707w, https:\/\/www.nfmls.foundation\/wp-content\/uploads\/2022\/11\/Leos-Streda-200x300.jpg 200w, https:\/\/www.nfmls.foundation\/wp-content\/uploads\/2022\/11\/Leos-Streda-683x1024.jpg 683w, https:\/\/www.nfmls.foundation\/wp-content\/uploads\/2022\/11\/Leos-Streda-768x1152.jpg 768w, https:\/\/www.nfmls.foundation\/wp-content\/uploads\/2022\/11\/Leos-Streda-1024x1536.jpg 1024w, https:\/\/www.nfmls.foundation\/wp-content\/uploads\/2022\/11\/Leos-Streda-1365x2048.jpg 1365w, https:\/\/www.nfmls.foundation\/wp-content\/uploads\/2022\/11\/Leos-Streda-600x900.jpg 600w\" sizes=\"auto, (max-width: 1707px) 100vw, 1707px\" \/><\/div>\n<\/div><\/div>\n\n\n\n<div class=\"blockart-column blockart-column-0d62a340\"><div class=\"blockart-column-inner\">\n<h2 class=\"blockart-heading blockart-heading-f75800de\">Nada\u010dn\u00ed fond MUDr. Leo\u0161e St\u0159edy<\/h2>\n\n\n\n<div class=\"wp-block-columns is-layout-flex wp-container-core-columns-is-layout-9d6595d7 wp-block-columns-is-layout-flex\">\n<div class=\"wp-block-column is-layout-flow wp-block-column-is-layout-flow\" style=\"flex-basis:100%\">\n<p class=\"has-text-align-left has-medium-font-size\" style=\"font-style:normal;font-weight:500;letter-spacing:1px\">Fond sdru\u017euje prost\u0159edky z\u00edskan\u00e9 formou pen\u011b\u017eit\u00fdch i nepen\u011b\u017eit\u00fdch nada\u010dn\u00edch p\u0159\u00edsp\u011bvk\u016f a nada\u010dn\u00edch dar\u016f, ze kter\u00fdch podporuje posti\u017een\u00e9 osoby a umo\u017en\u011bn\u00ed jejich lep\u0161\u00edho za\u010dlen\u011bn\u00ed do spole\u010dnosti. Konkr\u00e9tn\u00ed n\u00e1pln\u00ed \u010dinnosti fondu je po\u0159\u00e1d\u00e1n\u00ed sportovn\u00edch a\/nebo spole\u010densk\u00fdch akc\u00ed, sout\u011b\u017e\u00ed a her za \u00fa\u010dasti zdravotn\u011b posti\u017een\u00fdch osob, podpora \u0161kolsk\u00fdch za\u0159\u00edzen\u00ed zam\u011b\u0159en\u00fdch na vzd\u011bl\u00e1v\u00e1n\u00ed zdravotn\u011b posti\u017een\u00fdch osob, n\u00e1kup vzd\u011bl\u00e1vac\u00edch a \u0161koln\u00edch pom\u016fcek, poskytov\u00e1n\u00ed, \u00fahrady studijn\u00edch a vzd\u011bl\u00e1vac\u00edch pobyt\u016f zdravotn\u011b posti\u017een\u00fdch osob. <\/p>\n<\/div>\n<\/div>\n<\/div><\/div>\n<\/div><\/div><\/div>\n\n\n\n<div class=\"blockart-section blockart-section-23db8207\"><div class=\"blockart-container-fluid\"><div class=\"blockart-section-inner\">\n<div class=\"blockart-column blockart-column-8395e5a7\"><div class=\"blockart-column-inner\">\n<div class=\"wp-block-columns is-layout-flex wp-container-core-columns-is-layout-9d6595d7 wp-block-columns-is-layout-flex\">\n<div class=\"wp-block-column is-layout-flow wp-block-column-is-layout-flow\" style=\"flex-basis:100%\">\n<div class=\"wp-block-group\"><div class=\"wp-block-group__inner-container is-layout-constrained wp-block-group-is-layout-constrained\">\n<div class=\"blockart-image blockart-image-7ce3a6fc\"><img loading=\"lazy\" decoding=\"async\" width=\"320\" height=\"180\" class=\"wp-image-1495\" src=\"https:\/\/www.nfmls.foundation\/wp-content\/uploads\/2023\/03\/nflms_1.jpeg\" alt=\"\" srcset=\"https:\/\/www.nfmls.foundation\/wp-content\/uploads\/2023\/03\/nflms_1.jpeg 320w, https:\/\/www.nfmls.foundation\/wp-content\/uploads\/2023\/03\/nflms_1-300x169.jpeg 300w\" sizes=\"auto, (max-width: 320px) 100vw, 320px\" \/><\/div>\n<\/div><\/div>\n<\/div>\n<\/div>\n<\/div><\/div>\n\n\n\n<div class=\"blockart-column blockart-column-6bee2af2\"><div class=\"blockart-column-inner\">\n<div class=\"wp-block-group\"><div class=\"wp-block-group__inner-container is-layout-constrained wp-block-group-is-layout-constrained\">\n<div class=\"blockart-image blockart-image-043d5184\"><img loading=\"lazy\" decoding=\"async\" width=\"275\" height=\"183\" class=\"wp-image-1496\" src=\"https:\/\/www.nfmls.foundation\/wp-content\/uploads\/2023\/03\/nfmls_2.jpeg\" alt=\"\"\/><\/div>\n<\/div><\/div>\n<\/div><\/div>\n\n\n\n<div class=\"blockart-column blockart-column-fd901356\"><div class=\"blockart-column-inner\">\n<div class=\"blockart-image blockart-image-945e1eee\"><img loading=\"lazy\" decoding=\"async\" width=\"1280\" height=\"929\" class=\"wp-image-1497\" src=\"https:\/\/www.nfmls.foundation\/wp-content\/uploads\/2023\/03\/nfmls_3.jpeg\" alt=\"\" srcset=\"https:\/\/www.nfmls.foundation\/wp-content\/uploads\/2023\/03\/nfmls_3.jpeg 1280w, https:\/\/www.nfmls.foundation\/wp-content\/uploads\/2023\/03\/nfmls_3-300x218.jpeg 300w, https:\/\/www.nfmls.foundation\/wp-content\/uploads\/2023\/03\/nfmls_3-1024x743.jpeg 1024w, https:\/\/www.nfmls.foundation\/wp-content\/uploads\/2023\/03\/nfmls_3-768x557.jpeg 768w, https:\/\/www.nfmls.foundation\/wp-content\/uploads\/2023\/03\/nfmls_3-600x435.jpeg 600w\" sizes=\"auto, (max-width: 1280px) 100vw, 1280px\" \/><\/div>\n<\/div><\/div>\n\n\n\n<div class=\"blockart-column blockart-column-0edff57f\"><div class=\"blockart-column-inner\">\n<div class=\"blockart-image blockart-image-4cf51b56\"><img loading=\"lazy\" decoding=\"async\" width=\"2048\" height=\"1232\" class=\"wp-image-1498\" src=\"https:\/\/www.nfmls.foundation\/wp-content\/uploads\/2023\/03\/nfmls_4.jpeg\" alt=\"\" srcset=\"https:\/\/www.nfmls.foundation\/wp-content\/uploads\/2023\/03\/nfmls_4.jpeg 2048w, https:\/\/www.nfmls.foundation\/wp-content\/uploads\/2023\/03\/nfmls_4-300x180.jpeg 300w, https:\/\/www.nfmls.foundation\/wp-content\/uploads\/2023\/03\/nfmls_4-1024x616.jpeg 1024w, https:\/\/www.nfmls.foundation\/wp-content\/uploads\/2023\/03\/nfmls_4-768x462.jpeg 768w, https:\/\/www.nfmls.foundation\/wp-content\/uploads\/2023\/03\/nfmls_4-1536x924.jpeg 1536w, https:\/\/www.nfmls.foundation\/wp-content\/uploads\/2023\/03\/nfmls_4-600x361.jpeg 600w\" sizes=\"auto, (max-width: 2048px) 100vw, 2048px\" \/><\/div>\n<\/div><\/div>\n<\/div><\/div><\/div>\n\n\n\n<div class=\"blockart-section blockart-section-c3d7ca4d\"><div class=\"blockart-container\"><div class=\"blockart-section-inner\">\n<div class=\"blockart-column blockart-column-90e5f98b\"><div class=\"blockart-column-inner\">\n<p>Prof. MUDr. Leo\u0161 St\u0159eda byl \u010desk\u00fd l\u00e9ka\u0159, vysoko\u0161kolsk\u00fd pedagog a speci\u00e1ln\u00ed pedagog. Mimo jin\u00e9 se aktivn\u011b v\u011bnoval estetick\u00e9 medic\u00edn\u011b, dietologii a zdrav\u00e9 v\u00fd\u017eiv\u011b. B\u011bhem sv\u00e9ho \u017eivota napsal n\u011bkolik odborn\u00fdch publikac\u00ed zam\u011b\u0159en\u00fdch zejm\u00e9na na zdrav\u00fd \u017eivotn\u00ed styl, l\u00e9\u010debnou pedagogiku a vzd\u011bl\u00e1n\u00ed handicapovan\u00fdch osob.<\/p>\n\n\n\n<p>Narodil se 5. \u010dervence roku 1963 do rodiny l\u00e9ka\u0159\u016f. Stejn\u011b jako jeho rodi\u010de \u00fasp\u011b\u0161n\u011b dokon\u010dil studium medic\u00edny na 1. l\u00e9ka\u0159sk\u00e9 fakult\u011b Univerzity Karlovy. Po sametov\u00e9 revoluci v&nbsp;roce 1989 zalo\u017eil Institut l\u00e9ka\u0159sk\u00e9 regenerace a kosmetiky, kter\u00fd byl \u00fasp\u011b\u0161n\u00fd nejen v&nbsp;\u010cesk\u00e9 republice, ale tak\u00e9 v&nbsp;n\u011bkolika dal\u0161\u00edch zem\u00edch ve sv\u011bt\u011b. Tam do n\u011bkolika let otev\u0159el dal\u0161\u00ed pobo\u010dky.<\/p>\n\n\n\n<p>Pozd\u011bji od podnik\u00e1n\u00ed upustil a za\u010dal se v\u00edce v\u011bnovat nada\u010dn\u00ed \u010dinnosti, kdy spolupracoval nap\u0159\u00edklad s&nbsp;nadac\u00ed man\u017eel\u016f Dagmar a V\u00e1clava Havlov\u00fdch. Rovn\u011b\u017e se zapojil do n\u011bkolika neziskov\u00fdch organizac\u00ed v&nbsp;Asii a Africe. Od roku 1991 za\u010dal p\u016fsobit jako pedagog na Univerzit\u011b Karlov\u011b, nejprve na Pedagogick\u00e9 fakult\u011b a pot\u00e9 na 1. l\u00e9ka\u0159sk\u00e9 fakult\u011b. Pozd\u011bji p\u0159edn\u00e1\u0161el i v&nbsp;Jihov\u00fdchodn\u00ed Asii.<\/p>\n\n\n\n<p>\u010casem se za\u010dal zaj\u00edmat p\u0159edev\u0161\u00edm o speci\u00e1ln\u00ed pedagogiku, ve kter\u00e9 na\u0161el v\u011bt\u0161\u00ed smysl, a proto se stal spoluzakladatelem st\u0159edn\u00ed \u0161koly pro ment\u00e1ln\u011b posti\u017een\u00e9 \u017e\u00e1ky. Tyto \u0161koly jsou zam\u011b\u0159eny na praktickou v\u00fduku osob \u017eij\u00edc\u00edch v&nbsp;domovech pro osoby se zdravotn\u00edm posti\u017een\u00edm a domovech se zvl\u00e1\u0161tn\u00edm re\u017eimem a funguj\u00ed dnes ji\u017e v&nbsp;n\u011bkolika kraj\u00edch.<\/p>\n\n\n\n<p>Cel\u00fd \u017eivot vzd\u011bl\u00e1val nejen mediky, jin\u00e9 doktory, handicapovan\u00e9 a ostatn\u00ed, ale i sebe, a t\u00edm se stal velk\u00fdm vzorem pro mnoho lid\u00ed.<\/p>\n\n\n\n<div class=\"blockart-section blockart-section-3ad7aab0\"><div class=\"blockart-container\"><div class=\"blockart-section-inner\">\n<div class=\"blockart-column blockart-column-4cd47618\"><div class=\"blockart-column-inner\">\n<div class=\"blockart-image blockart-image-d9a44951\"><img loading=\"lazy\" decoding=\"async\" width=\"800\" height=\"1220\" class=\"wp-image-1492\" src=\"https:\/\/www.nfmls.foundation\/wp-content\/uploads\/2023\/03\/Dr.Leos-Streda.jpg\" alt=\"\" srcset=\"https:\/\/www.nfmls.foundation\/wp-content\/uploads\/2023\/03\/Dr.Leos-Streda.jpg 800w, https:\/\/www.nfmls.foundation\/wp-content\/uploads\/2023\/03\/Dr.Leos-Streda-197x300.jpg 197w, https:\/\/www.nfmls.foundation\/wp-content\/uploads\/2023\/03\/Dr.Leos-Streda-671x1024.jpg 671w, https:\/\/www.nfmls.foundation\/wp-content\/uploads\/2023\/03\/Dr.Leos-Streda-768x1171.jpg 768w, https:\/\/www.nfmls.foundation\/wp-content\/uploads\/2023\/03\/Dr.Leos-Streda-600x915.jpg 600w\" sizes=\"auto, (max-width: 800px) 100vw, 800px\" \/><\/div>\n<\/div><\/div>\n\n\n\n<div class=\"blockart-column blockart-column-c86f4b30\"><div class=\"blockart-column-inner\">\n<h3 class=\"blockart-heading blockart-heading-4723333c\">Prof. MUDr. Leo\u0161 St\u0159eda, Ph.D. PhDr., PaedDr., MBA, LLM<\/h3>\n<\/div><\/div>\n<\/div><\/div><\/div>\n<\/div><\/div>\n<\/div><\/div><\/div>\n\n\n\n<div class=\"blockart-section blockart-section-6cffd591\"><div class=\"blockart-container\"><div class=\"blockart-section-inner\">\n<div class=\"blockart-column blockart-column-263dd468\"><div class=\"blockart-column-inner\">\n<h2 class=\"blockart-heading blockart-heading-0a1747ef\">Have Any Questions?<\/h2>\n\n\n<\/div><\/div>\n\n\n\n<div class=\"blockart-column blockart-column-edf7c39e\"><div class=\"blockart-column-inner\">\n<div class=\"blockart-buttons blockart-buttons-dd505c0c is-justification-right is-horizontal is-wrap\">\n<div class=\"blockart-button blockart-button-5c80f038 \"><a class=\"blockart-button-link is-custom is-style-filled\" href=\"https:\/\/zakrademos.com\/agency-03\/contact\/\">CONTACT US<\/a><\/div>\n<\/div>\n<\/div><\/div>\n<\/div><\/div><\/div>\n\n\n\n<div class=\"blockart-section blockart-section-f453ba62\"><div class=\"blockart-container-fluid\"><div class=\"blockart-section-inner\">\n<div class=\"blockart-column blockart-column-5dabd232\"><div class=\"blockart-column-inner\">\n<div class=\"blockart-image blockart-image-d94df48e\"><img loading=\"lazy\" decoding=\"async\" width=\"362\" height=\"80\" class=\"wp-image-1502\" src=\"https:\/\/www.nfmls.foundation\/wp-content\/uploads\/2023\/03\/Screenshot-2023-03-21-at-9.12.51.png\" alt=\"\" srcset=\"https:\/\/www.nfmls.foundation\/wp-content\/uploads\/2023\/03\/Screenshot-2023-03-21-at-9.12.51.png 362w, https:\/\/www.nfmls.foundation\/wp-content\/uploads\/2023\/03\/Screenshot-2023-03-21-at-9.12.51-300x66.png 300w\" sizes=\"auto, (max-width: 362px) 100vw, 362px\" \/><\/div>\n<\/div><\/div>\n\n\n\n<div class=\"blockart-column blockart-column-ad6cd62a\"><div class=\"blockart-column-inner\">\n<div class=\"blockart-image blockart-image-3393d5de\"><img loading=\"lazy\" decoding=\"async\" width=\"803\" height=\"895\" class=\"wp-image-1430\" src=\"https:\/\/www.nfmls.foundation\/wp-content\/uploads\/2022\/11\/Logo-Euroinstitut-2.jpeg\" alt=\"\" srcset=\"https:\/\/www.nfmls.foundation\/wp-content\/uploads\/2022\/11\/Logo-Euroinstitut-2.jpeg 803w, https:\/\/www.nfmls.foundation\/wp-content\/uploads\/2022\/11\/Logo-Euroinstitut-2-269x300.jpeg 269w, https:\/\/www.nfmls.foundation\/wp-content\/uploads\/2022\/11\/Logo-Euroinstitut-2-768x856.jpeg 768w, https:\/\/www.nfmls.foundation\/wp-content\/uploads\/2022\/11\/Logo-Euroinstitut-2-600x669.jpeg 600w\" sizes=\"auto, (max-width: 803px) 100vw, 803px\" \/><\/div>\n<\/div><\/div>\n\n\n\n<div class=\"blockart-column blockart-column-84acbf7d\"><div class=\"blockart-column-inner\">\n<div class=\"blockart-image blockart-image-f1202d10\"><img loading=\"lazy\" decoding=\"async\" class=\"wp-image-457\" src=\"http:\/\/www.nfmls.foundation\/wp-content\/uploads\/2021\/12\/logo-neuhaus-e.png\" alt=\"\" height=\"135\" width=\"200\"\/><\/div>\n<\/div><\/div>\n\n\n\n<div class=\"blockart-column blockart-column-094ab86c\"><div class=\"blockart-column-inner\">\n<div class=\"blockart-image blockart-image-468b23e6\"><img loading=\"lazy\" decoding=\"async\" class=\"wp-image-456\" src=\"http:\/\/www.nfmls.foundation\/wp-content\/uploads\/2021\/12\/logo-kiehls-f.png\" alt=\"\" height=\"135\" width=\"200\"\/><\/div>\n<\/div><\/div>\n\n\n\n<div class=\"blockart-column blockart-column-72d2cf20\"><div class=\"blockart-column-inner\">\n<div class=\"blockart-image blockart-image-2df15e3d\"><img loading=\"lazy\" decoding=\"async\" class=\"wp-image-455\" src=\"http:\/\/www.nfmls.foundation\/wp-content\/uploads\/2021\/12\/logo-coast-b.png\" alt=\"\" height=\"135\" width=\"200\"\/><\/div>\n<\/div><\/div>\n<\/div><\/div><\/div>\n\n\n\n<div class=\"blockart-section blockart-section-d8bb7b25\"><div class=\"blockart-container\"><div class=\"blockart-section-inner\">\n<div class=\"blockart-column blockart-column-e70448c7\"><div class=\"blockart-column-inner\"><\/div><\/div>\n\n\n\n<div class=\"blockart-column blockart-column-716dcbed\"><div class=\"blockart-column-inner\">\n<div class=\"blockart-image blockart-image-41c122c1\"><a href=\"https:\/\/www.facebook.com\/zakratheme\"><img loading=\"lazy\" decoding=\"async\" class=\"wp-image-516\" src=\"http:\/\/www.nfmls.foundation\/wp-content\/uploads\/2021\/12\/fav_icon1.png\" alt=\"\" height=\"40\" width=\"33\"\/><\/a><\/div>\n<\/div><\/div>\n\n\n\n<div class=\"blockart-column blockart-column-b0322e25\"><div class=\"blockart-column-inner\">\n<div class=\"blockart-image blockart-image-9ad0c8b0\"><a href=\"https:\/\/twitter.com\/zakratheme\/\"><img loading=\"lazy\" decoding=\"async\" class=\"wp-image-525\" src=\"http:\/\/www.nfmls.foundation\/wp-content\/uploads\/2021\/12\/icon2.png\" alt=\"\" height=\"34\" width=\"33\"\/><\/a><\/div>\n<\/div><\/div>\n\n\n\n<div class=\"blockart-column blockart-column-7fe6faa4\"><div class=\"blockart-column-inner\">\n<div class=\"blockart-image blockart-image-e8b7db51\"><a href=\"https:\/\/www.pinterest.co.uk\/themegrill\"><img loading=\"lazy\" decoding=\"async\" class=\"wp-image-556\" src=\"http:\/\/www.nfmls.foundation\/wp-content\/uploads\/2021\/12\/fav_icon5.png\" alt=\"\" height=\"33\" width=\"33\"\/><\/a><\/div>\n<\/div><\/div>\n\n\n\n<div class=\"blockart-column blockart-column-3ce79db4\"><div class=\"blockart-column-inner\">\n<div class=\"blockart-image blockart-image-8b2e1c55\"><a href=\"https:\/\/www.youtube.com\/channel\/UCxxUb-k2cT43fNXY-V39LXw\"><img loading=\"lazy\" decoding=\"async\" class=\"wp-image-558\" src=\"http:\/\/www.nfmls.foundation\/wp-content\/uploads\/2021\/12\/icon4.png\" alt=\"\" height=\"33\" width=\"36\"\/><\/a><\/div>\n<\/div><\/div>\n\n\n\n<div class=\"blockart-column blockart-column-b947f356\"><div class=\"blockart-column-inner\">\n<div class=\"blockart-image blockart-image-ef4893ac\"><a href=\"https:\/\/www.linkedin.com\/company\/themegrill-pvt.-ltd.\/\"><img loading=\"lazy\" decoding=\"async\" class=\"wp-image-559\" src=\"http:\/\/www.nfmls.foundation\/wp-content\/uploads\/2021\/12\/icon5.png\" alt=\"\" height=\"36\" width=\"35\"\/><\/a><\/div>\n<\/div><\/div>\n\n\n\n<div class=\"blockart-column blockart-column-ce805f44\"><div class=\"blockart-column-inner\"><\/div><\/div>\n<\/div><\/div><\/div>\n","protected":false},"excerpt":{"rendered":"","protected":false},"author":1,"featured_media":0,"parent":0,"menu_order":0,"comment_status":"open","ping_status":"open","template":"","meta":{"neve_meta_sidebar":"","neve_meta_container":"","neve_meta_enable_content_width":"","neve_meta_content_width":0,"neve_meta_title_alignment":"","neve_meta_author_avatar":"","neve_post_elements_order":"","neve_meta_disable_header":"","neve_meta_disable_footer":"","neve_meta_disable_title":"","_themeisle_gutenberg_block_has_review":false,"_ti_tpc_template_sync":false,"_ti_tpc_template_id":"","footnotes":""},"class_list":["post-1079","page","type-page","status-publish","hentry"],"_links":{"self":[{"href":"https:\/\/www.nfmls.foundation\/index.php?rest_route=\/wp\/v2\/pages\/1079","targetHints":{"allow":["GET"]}}],"collection":[{"href":"https:\/\/www.nfmls.foundation\/index.php?rest_route=\/wp\/v2\/pages"}],"about":[{"href":"https:\/\/www.nfmls.foundation\/index.php?rest_route=\/wp\/v2\/types\/page"}],"author":[{"embeddable":true,"href":"https:\/\/www.nfmls.foundation\/index.php?rest_route=\/wp\/v2\/users\/1"}],"replies":[{"embeddable":true,"href":"https:\/\/www.nfmls.foundation\/index.php?rest_route=%2Fwp%2Fv2%2Fcomments&post=1079"}],"version-history":[{"count":26,"href":"https:\/\/www.nfmls.foundation\/index.php?rest_route=\/wp\/v2\/pages\/1079\/revisions"}],"predecessor-version":[{"id":1506,"href":"https:\/\/www.nfmls.foundation\/index.php?rest_route=\/wp\/v2\/pages\/1079\/revisions\/1506"}],"wp:attachment":[{"href":"https:\/\/www.nfmls.foundation\/index.php?rest_route=%2Fwp%2Fv2%2Fmedia&parent=1079"}],"curies":[{"name":"wp","href":"https:\/\/api.w.org\/{rel}","templated":true}]}}